 Let d(c) = 3*k(c) + 4*x(c). Let a be d(6). Calculate f(a).
-2
Suppose 0 = -a - 2*c + 2, -3*a + 16 = -7*a - 2*c. Let u(t) = -t**3 - 6*t**2 - 6. What is u(a)?
-6
Let i = -11 - -27. Let c = i + -21. Let a(g) = g**3 + 4*g**2 - 3*g - 1. Calculate a(c).
-11
Let v(p) = -p + 1. Let o be v(2). Let i be ((-3)/o)/((-30)/20). Let y(b) = 1 + 6*b + 3*b - 5*b. What is y(i)?
-7
Let f(w) = w**2 - 2*w - 2. Suppose -2 - 2 = -2*y. Suppose -y*a = n + 1, 4*n - 20 = 6*a - 2*a. Calculate f(n).
1
Let l be 0 - (61 - -3)/(-2). Let q be (l/(-12))/(4/(-6)). Let b(y) = 1 + 0 - q*y**2 + 3*y + 3*y**3 - 2*y**3 - y. What is b(3)?
-2
Let b(k) be the first derivative of -k**2/2 + k + 9. What is b(-9)?
10
Let b(c) be the first derivative of c**4/4 - 4*c**3/3 + 5*c**2/2 - 2*c + 4. Determine b(3).
4
Let q(h) be the third derivative of -h**4/24 + 2*h**3 + 142*h**2 + h. Suppose l = 4*l - 21. What is q(l)?
5
Let t(a) = -4*a**2 - 2*a + 5*a**2 - 2*a**2. Let m(j) = -2*j**3 - 1. Let w be m(1). Calculate t(w).
-3
Let z(k) be the third derivative of 0 + 3*k**2 + 0*k + 1/8*k**4 + 1/120*k**6 - 1/30*k**5 - 1/6*k**3. Suppose -4*s + 3 + 5 = 0. Calculate z(s).
5
Let n(b) = -3*b**3 + 4*b**2 - 7*b + 3. Let u(y) = -7*y**3 + 8*y**2 - 15*y + 5. Let p(q) = 5*n(q) - 2*u(q). Give p(4).
-15
Let x(a) = -a**3 - 7*a**2 - 9*a - 8. Suppose -4*w = 32 - 8. Calculate x(w).
10
Let o(h) = -3*h + 1. Suppose -5*r - 4 = 1, 0 = 5*t - 3*r - 13. Let k be o(t). Let i(v) = 3*v + 6. Determine i(k).
-9
Let y(m) = m**3 - 12*m**2 + 11*m. Let l be y(11). Let r(n) = 2 + 1 + 0*n + n. Calculate r(l).
3
Let j(c) = 0 + 0 - 5*c**2 + c**3 + 2 - 4*c - 10. Determine j(6).
4
Let w(b) be the first derivative of 5*b**2/2 + b - 3. What is w(1)?
6
Let s(t) = 4*t**2 - 4*t - 1. Let y(m) = -5*m**2 + 5*m + 1. Let x(g) = 3*s(g) + 2*y(g). What is x(-1)?
3
Suppose 3*d = 2*q - 2, -16 = -2*d - 2*q - 4. Suppose 4*l - d = 18. Let f(n) = n**2 - 4*n + 1. Determine f(l).
6
Let c(f) = 7*f - 2 + 2 + f**2 - 3*f + 2. Let r(i) = -i**2 - i - 1. Let l be r(0). Let w = -4 - l. Determine c(w).
-1
Let w(h) = -h**3 - h - 5. Let c = 2 - 3. Let z be (c - (-4)/6)*0. Let i = 0 + z. Determine w(i).
-5
Let t(z) = 4*z**3 - 4*z**2 + 8*z. Let q(i) = 9*i**3 - 7*i**2 + 17*i - 1. Let l be 2/(-3)*54/12. Let c(j) = l*q(j) + 7*t(j). Determine c(6).
-3
Let v = -22 + 27. Let r(y) = -y - 3. Let k be r(-4). Let o(l) = l**2 + l + 1. Let s(f) = -f**3 - 2*f**2 - f - 3. Let b(w) = k*s(w) + v*o(w). What is b(4)?
2
Let r(t) = t + 4. Let l(m) = 3*m + 11. Let w(p) = 2*l(p) - 7*r(p). Give w(6).
-12
Let w(h) be the second derivative of -2/3*h**3 + 0 + 1/2*h**2 - 8*h. Determine w(4).
-15
Let g(w) = -w**2 - 3*w. Let o(q) = -4*q + 1. Let k(p) = -p - 5. Let i be k(-6). Let b be o(i). Give g(b).
0
Suppose -6*i + 2*i = 0. Let t(f) = 5*f. Let b be 2*(10/4)/5. Let q(n) = n + 1. Let g(p) = b*t(p) - 4*q(p). What is g(i)?
-4
Let k be 1 - (-6)/3 - 9. Let t(q) = 7 + 2*q + 7*q**2 - 4*q + 5*q + 3*q + q**3. Calculate t(k).
7
Let p(s) = -2*s + 13 - 6 + s. Let z be p(4). Let i(t) = 0 - 8 - z*t + 2. Calculate i(-4).
6
Let a(x) = -x - 3. Let s = -20 + 16. What is a(s)?
1
Let q = 28 - 26. Let t(h) = -h**q + 6*h + 2 + 3 - 12. Let o be ((-2)/3)/((-4)/30). Calculate t(o).
-2
Let y(l) = -6*l - 4. Let r(j) = -j - 1. Let q(a) = -15*r(a) + 3*y(a). Let s be (0 + (-12)/8)*26. Let m be 3*(s/(-9) - 3). Give q(m).
-9
Let a(s) = -s**2 - 5*s - 3. Let l(q) = -q**3 - 3*q**2 - 2*q - 3. Let y be (1/3)/((-2)/12). Let j be l(y). What is a(j)?
3
Let v(u) = -9*u**3 - u**2 + u + 5. Let b(o) = 18*o**3 + 2*o**2 - 2*o - 9. Let c(m) = -6*b(m) - 11*v(m). Determine c(1).
-10
Let v(o) = 2*o + 6. Let m be v(-6). Let b(z) = 2 + 2 - 1 - 5*z - 7 + z**3 + 5*z**2. Determine b(m).
-10
Let k(x) = -1 + 0*x + 2 + x**2 + 4*x**3 + x. Let n(r) = r**2 - 5*r - 10. Let z be n(7). Suppose 2 = -z*p + 2*p. Give k(p).
-3
Suppose 0 + 7 = -2*q - 3*t, -23 = -2*q + 3*t. Let x(k) = -k + 0*k + q*k. Determine x(2).
6
Let i(n) = n**3 - n**2 + 2*n - 1. Let l be 1 + (4 + -4)/(-3). What is i(l)?
1
Let y(w) be the first derivative of w**2/2 + 13*w + 23. Calculate y(-7).
6
Let c(a) be the second derivative of a**3/2 + a**2 + 2*a. Suppose -4*w - 4 = 0, 0 = 5*v + 4*w + 8 + 6. Let p = 0 + v. Give c(p).
-4
Suppose 3 = -3*d + 9. Let v be 4/(-7)*7/(-2). Let i(f) = 1 + 0 + f + 1 - 3*f**v. Calculate i(d).
-8
Suppose 30 = 4*g + g. Let q(h) = -22 + 20 + 4*h - 3*h. Give q(g).
4
Let u(i) = i**3 + 3*i**2 - 5*i + 1. Let b be u(-4). Let y be 1/(3/15 + 0). Let a(l) = l + 0*l + y - 2*l. What is a(b)?
0
Let w(g) = g + 5. Suppose -2*p + 28 = -p - 2*o, 3*p - 56 = -o. Suppose -p = -5*k - 0. Determine w(k).
9
Let q(y) = y - 14. Let h(p) = -p + 15. Let k(n) = 3*h(n) + 4*q(n). Let x be (2 - 2/1)/(-1). Determine k(x).
-11
Let g(f) be the first derivative of f - 1/3*f**3 + 5/2*f**2 - 2. What is g(3)?
7
Let k(l) = 4*l - 5 + 0*l + 6 - 2*l**2. Let i be k(3). Let q(h) = 2*h + 4. What is q(i)?
-6
Let g(s) = -3*s**2 - 5*s + 4. Let n(v) = -v**2 - 3*v + 2. Let y(b) = -2*g(b) + 5*n(b). Let f(k) be the first derivative of y(k). Determine f(5).
5
Let q(m) be the third derivative of -m**6/120 - m**5/15 + 5*m**4/24 + 2*m**3/3 + 12*m**2. Calculate q(-5).
4
Let h be ((-5)/15)/(1/12). Let l(m) = m**2 + 4*m - 4. Determine l(h).
-4
Let y(p) = -p - 4. Let m = -84 - -79. Calculate y(m).
1
Let a = -5 + 8. Let v(t) = -2*t**2 + 4*t + 9. Let y(w) be the first derivative of -w**3/3 + 2*w**2 + 8*w + 1. Let p(h) = a*y(h) - 2*v(h). Determine p(-4).
6
Let t(z) = z**2 - 4*z + 3. Let m = 1 + 2. What is t(m)?
0
Let m(p) = p**2 - 11*p - 14. Let w(d) = -3*d**2 + 22*d + 29. Let u(f) = -5*m(f) - 2*w(f). Give u(-8).
-12
Let m(a) = a**2 - 5*a + 5. Let h be m(4). Let d(g) be the first derivative of -4*g**2 + 2*g**2 + 0 - 2. Give d(h).
-4
Let j(b) = 2*b**2 - 4*b - 1. Suppose 3*o + 2*f - 7*f = 41, 4*f - 12 = -4*o. Let w = -4 + o. Calculate j(w).
5
Let v(r) = r**2 + 4*r - 4. Let n(q) = -23*q - 1. Let s be n(1). Let w = s + 40. Suppose 5*o + 4 = -w. Determine v(o).
-4
Let h = -92 + 93. Let z(x) = 3*x**2 + x - 1. What is z(h)?
3
Let z(u) = -2*u**2 + 5*u - u**2 + 4*u**2 - 3. Suppose -8*v - 20 = -3*v. Give z(v).
-7
Let x(r) = r + 3. Let y(k) = -6*k**3 - 13*k**2 + 9*k + 9. Let o(l) = -2*l**3 - 4*l**2 + 3*l + 3. Let f(p) = -7*o(p) + 2*y(p). Let j be f(-2). Calculate x(j).
-2
Let d(u) be the first derivative of -5*u**3/3 + 3*u**2/2 - 4*u - 2. Let k(m) = -14*m**2 + 10*m - 13. Let i(x) = -11*d(x) + 4*k(x). Give i(6).
-2
Let j(g) be the first derivative of g**4/4 + 2*g**3/3 - g**2 + 3*g - 1. Let f be ((-2)/3 - 0)*18/4. Let u be j(f). Let h(d) = -d**2 - 5. Calculate h(u).
-5
Suppose -2*r = -16 + 4. Let p(y) = 7*y**3 + y**2 + 5*y - 2. Let n = 13 - 18. Let s(a) = 6*a**3 + 5*a - 2. Let u(l) = n*p(l) + r*s(l). Determine u(3).
-5
Let d = 4 - 3. Let m(v) = -2*v**2 + 11*v + 3. Let o(r) = -r**2 + 2 + r + 3*r - 1. Let x(a) = 4*m(a) - 11*o(a). Determine x(d).
4
Suppose 0 = -r + 1. Let n(v) = v. Let i be n(r). Let t(k) be the second derivative of k**4/12 + k. Give t(i).
1
Let q(z) = -z + 6. Suppose -4*s - 10 + 42 = 0. Give q(s).
-2
Let z(t) = 2*t - 13. Let v be z(10). Let h(i) = -i**3 + 7*i**2 - i + 8. Let m be h(v). Let p(s) = -6*s**2 - s. Determine p(m).
-7
Let b(g) = -4 + 3 - 15*g**2 - g**3 - 4*g + 21*g**2. Give b(5).
4
Let p(n) = n**3 - 2*n**2 - 4*n + 4. Let k = -1 + -5. Let v be 30/9 + 2/k. Give p(v).
1
Let t(x) be the second derivative of -x**5/20 + x**4/12 - x**3/3 + x**2/2 - 2*x. Determine t(-2).
17
Let f(m) be the second derivative of 5*m - m**2 + 0 + 1/6*m**3. Calculate f(-4).
-6
Suppose -4*m + 0*q + q + 8 = 0, 5*q = -3*m + 29. Let d(t) = -4*t - 2. Let g(u) = -7*u - 4. Let f(v) = 10*d(v) - 6*g(v). Determine f(m).
10
Let l = -18 - -22. Let m(k) = l + 0 - k - 3. Calculate m(6).
-5
Let r(f) = -9*f**2 + 2*f + 0*f + 0*f**2 + 8*f**2 + 2. Give r(2).
2
Let x(f) = -1 - 3*f**2 + 3*f**2 - f**2 + 2. Let l be x(0). Let n(y) = -l + 0 + 0 + y. Calculate n(-5).
-6
Let z(j) = j**3 - j. Let c(w) = 7*w**3 - 5*w**2 - 13*w + 8. Let f(d) = c(d) - 6*z(d). Let p be f(6). Let v(s) = -s**2 - p + 6*s - 4 - 1. What is v(5)?
-2
Let s = 0 + 10. Suppose -t + s = 4*t. Let m(c) = -2*c + 3 - 4*c + 4*c. Give m(t).
-1
Let d be (2/(-6))/((-13)/78). Suppose 0*x + d*x - 2 = 3*v, -2 = 5*v - 4*x. Let t(m) = -m**3 - 2*m**2 + m + 1. Calculate t(v).
-1
Let m(t) be the third derivative of -t**